d by 10855.
460
Calculate the remainder when 11389078 is divided by 87.
82
What is the remainder when 100992312 is divided by 3740456?
0
What is the remainder when 1688789 is divided by 68?
9
Calculate the remainder when 4910349 is divided by 449.
85
Calculate the remainder when 113788 is divided by 1987.
529
Calculate the remainder when 2904623 is divided by 96820.
23
Calculate the remainder when 426711 is divided by 42657.
141
What is the remainder when 56557 is divided by 438?
55
What is the remainder when 183080 is divided by 57?
53
What is the remainder when 114112839 is divided by 38037609?
12
Calculate the remainder when 31554 is divided by 4909.
2100
What is the remainder when 57015248 is divided by 22?
4
What is the remainder when 599618 is divided by 205?
198
What is the remainder when 7361606 is divided by 5025?
5006
Calculate the remainder when 10875531 is divided by 5992.
51
Calculate the remainder when 183118 is divided by 13.
0
Calculate the remainder when 256127020 is divided by 2131.
2130
What is the remainder when 115515 is divided by 222?
75
What is the remainder when 1768486 is divided by 574?
566
Calculate the remainder when 17458322 is divided by 117.
50
Calculate the remainder when 34883639 is divided by 434.
21
What is the remainder when 3656648 is divided by 4670?
38
Calculate the remainder when 25472301 is divided by 33.
30
Calculate the remainder when 125841 is divided by 62.
43
What is the remainder when 407768 is divided by 16301?
243
Calculate the remainder when 1905726 is divided by 37367.
9
Calculate the remainder when 4259970 is divided by 92.
2
Calculate the remainder when 1456514 is divided by 5873.
10
What is the remainder when 599545 is divided by 20672?
57
What is the remainder when 68129241 is divided by 6?
3
What is the remainder when 5170624 is divided by 219?
34
Calculate the remainder when 101284 is divided by 3727.
655
What is the remainder when 47142 is divided by 4696?
182
What is the remainder when 11678012 is divided by 153658?
4
Calculate the remainder when 3214673 is divided by 1607323.
27
What is the remainder when 529293 is divided by 5046?
4509
What is the remainder when 116474 is divided by 1198?
268
Calculate the remainder when 196586 is divided by 24569.
34
Calculate the remainder when 470449 is divided by 571.
516
What is the remainder when 928146 is divided by 27246?
1782
Calculate the remainder when 638232 is divided by 7336.
0
What is the remainder when 4254337 is divided by 1012?
901
What is the remainder when 182378129 is divided by 2514?
2513
What is the remainder when 24750449 is divided by 2062532?
65
Calculate the remainder when 2356740 is divided by 336668.
64
What is the remainder when 897001475 is divided by 4997?
4996
Calculate the remainder when 20841768 is divided by 8.
0
Calculate the remainder when 53707852 is divided by 5754.
16
Calculate the remainder when 29847493 is divided by 209.
203
What is the remainder when 226739773 is divided by 75?
73
What is the remainder when 1294875 is divided by 258966?
45
What is the remainder when 232031226 is divided by 544?
538
Calculate the remainder when 6251530 is divided by 38.
36
What is the remainder when 22687902 is divided by 2241?
18
What is the remainder when 33671 is divided by 11093?
392
Calculate the remainder when 2340595 is divided by 779825.
1120
Calculate the remainder when 1296290 is divided by 35.
30
What is the remainder when 876189 is divided by 381?
270
What is the remainder when 335806 is divided by 335771?
35
Calculate the remainder when 3745537 is divided by 5492.
5485
Calculate the remainder when 1053929 is divided by 89.
80
Calculate the remainder when 251982 is divided by 2100.
2082
Calculate the remainder when 51074777 is divided by 10837.
10833
Calculate the remainder when 343405 is divided by 9036.
37
What is the remainder when 124363 is divided by 3768?
19
Calculate the remainder when 9828726 is divided by 92.
90
What is the remainder when 2419837 is divided by 806517?
286
What is the remainder when 30965598 is divided by 159?
30
What is the remainder when 115815 is divided by 851?
79
What is the remainder when 48147461 is divided by 48147441?
20
Calculate the remainder when 948739 is divided by 10090.
279
Calculate the remainder when 1971601 is divided by 79.
77
Calculate the remainder when 4969724 is divided by 292336.
12
What is the remainder when 116571 is divided by 123?
90
What is the remainder when 48823962 is divided by 2871997?
13
What is the remainder when 1537898 is divided by 14931?
5
Calculate the remainder when 1041240 is divided by 2183.
2132
Calculate the remainder when 4532230 is divided by 4260.
3850
Calculate the remainder when 1097457 is divided by 4216.
1297
Calculate the remainder when 9707966 is divided by 620.
6
What is the remainder when 232230144 is divided by 302?
298
What is the remainder when 86134643 is divided by 284?
283
What is the remainder when 524576 is divided by 3597?
3011
Calculate the remainder when 255279 is divided by 2530.
2279
Calculate the remainder when 311662 is divided by 1176.
22
What is the remainder when 96114496 is divided by 1117?
1114
Calculate the remainder when 957483 is divided by 957387.
96
What is the remainder when 64417 is divided by 4293?
22
Calculate the remainder when 401313 is divided by 6919.
11
Calculate the remainder when 4122281 is divided by 2.
1
What is the remainder when 640021 is divided by 17007?
10762
Calculate the remainder when 1393252 is divided by 849.
43
What is the remainder when 309184 is divided by 1287?
304
Calculate the remainder when 1018312 is divided by 203636.
132
What is the remainder when 9329444 is divided by 175?
19
What is the remainder when 10492840 is divided by 407?
380
What is the remainder when 24239598 is divided by 35?
33
What is the remainder when 550550843 is divided by 919?
918
What is the remainder when 40267 is divided by 2430?
1387
Calculate the remainder when 706497 is divided by 1033.
958
What is the remainder when 648202 is divided by 2744?
618
What is the remainder when 7937548 is divided by 2698?
32
What is the remainder when 13907517 is divided by 433?
423
Calculate the remainder when 34566 is divided by 11468.
162
Calculate the remainder when 125343 is divided by 2549.
442
What is the remainder when 427255 is divided by 8499?
2305
Calculate the remainder when 623201 is divided by 16843.
10
What is the remainder when 7633064 is divided by 24?
8
Calculate the remainder when 854476 is divided by 155.
116
Calculate the remainder when 6005706 is divided by 168.
42
Calculate the remainder when 16310311 is divided by 6882.
6853
Calculate the remainder when 109152 is divided by 27233.
220
Calculate the remainder when 682597 is divided by 1179.
1135
Calculate the remainder when 5736085 is divided by 247.
4
What is the remainder when 4615757 is divided by 42?
41
What is the remainder when 21280301 is divided by 70232?
5
Calculate the remainder when 206518 is divided by 3430.
718
What is the remainder when 14879504 is divided by 15?
14
What is the remainder when 791349 is divided by 789602?
1747
What is the remainder when 1513522 is divided by 16632?
10
Calculate the remainder when 31853155 is divided by 24.
19
What is the remainder when 29865656 is divided by 1838?
1832
What is the remainder when 3409535 is divided by 440?
415
Calculate the remainder when 2378092 is divided by 9668.
9432
Calculate the remainder when 12873740 is divided by 338.
334
What is the remainder when 10373843 is divided by 152?
147
Calculate the remainder when 101297924 is divided by 37.
27
Calculate the remainder when 14895889 is divided by 486.
475
Calculate the remainder when 187249 is divided by 20.
9
What is the remainder when 399731763 is divided by 3306?
3303
Calculate the remainder when 9751 is divided by 567.
112
Calculate the remainder when 32440854 is divided by 14.
12
Calculate the remainder when 11088532 is divided by 12459.
22
Calculate the remainder when 14179537 is divided by 58.
45
Calculate the remainder when 143165 is divided by 123.
116
What is the remainder when 45091629 is divided by 2751?
2739
Calculate the remainder when 142716 is divided by 6737.
1239
Calculate the remainder when 1451318 is divided